{"id":186,"date":"2021-11-21T17:35:07","date_gmt":"2021-11-21T16:35:07","guid":{"rendered":"https:\/\/ias.web.amu.edu.pl\/konferencja2021\/?page_id=186"},"modified":"2021-11-22T16:05:09","modified_gmt":"2021-11-22T15:05:09","slug":"prof-marek-pawelczyk","status":"publish","type":"page","link":"https:\/\/ias.amu.edu.pl\/konferencja2021\/prof-marek-pawelczyk\/","title":{"rendered":"Prof. Marek Pawe\u0142czyk"},"content":{"rendered":"\t\t<div data-elementor-type=\"wp-page\" data-elementor-id=\"186\" class=\"elementor elementor-186\" data-elementor-settings=\"[]\">\n\t\t\t\t\t\t\t<div class=\"elementor-section-wrap\">\n\t\t\t\t\t\t\t<section class=\"elementor-section elementor-top-section elementor-element elementor-element-af0ecd1 elementor-section-boxed elementor-section-height-default elementor-section-height-default\" data-id=\"af0ecd1\" data-element_type=\"section\">\n\t\t\t\t\t\t<div class=\"elementor-container elementor-column-gap-default\">\n\t\t\t\t\t<div class=\"elementor-column elementor-col-33 elementor-top-column elementor-element elementor-element-8c388aa\" data-id=\"8c388aa\" data-element_type=\"column\">\n\t\t\t<div class=\"elementor-widget-wrap elementor-element-populated\">\n\t\t\t\t\t\t\t\t<div class=\"elementor-element elementor-element-caefd9a elementor-widget elementor-widget-image\" data-id=\"caefd9a\" data-element_type=\"widget\" data-widget_type=\"image.default\">\n\t\t\t\t<div class=\"elementor-widget-container\">\n\t\t\t\t\t\t\t\t\t\t\t\t\t\t\t<img loading=\"lazy\" decoding=\"async\" width=\"500\" height=\"500\" src=\"https:\/\/ias.amu.edu.pl\/konferencja2021\/wp-content\/uploads\/2021\/11\/marekpawelczyk.jpg\" class=\"attachment-large size-large\" alt=\"\" srcset=\"https:\/\/ias.amu.edu.pl\/konferencja2021\/wp-content\/uploads\/2021\/11\/marekpawelczyk.jpg 500w, https:\/\/ias.amu.edu.pl\/konferencja2021\/wp-content\/uploads\/2021\/11\/marekpawelczyk-300x300.jpg 300w, https:\/\/ias.amu.edu.pl\/konferencja2021\/wp-content\/uploads\/2021\/11\/marekpawelczyk-150x150.jpg 150w\" sizes=\"auto, (max-width: 500px) 100vw, 500px\" \/>\t\t\t\t\t\t\t\t\t\t\t\t\t\t\t<\/div>\n\t\t\t\t<\/div>\n\t\t\t\t\t<\/div>\n\t\t<\/div>\n\t\t\t\t<div class=\"elementor-column elementor-col-66 elementor-top-column elementor-element elementor-element-f197e1a\" data-id=\"f197e1a\" data-element_type=\"column\">\n\t\t\t<div class=\"elementor-widget-wrap elementor-element-populated\">\n\t\t\t\t\t\t\t\t<div class=\"elementor-element elementor-element-e9a9e32 elementor-widget elementor-widget-text-editor\" data-id=\"e9a9e32\" data-element_type=\"widget\" data-widget_type=\"text-editor.default\">\n\t\t\t\t<div class=\"elementor-widget-container\">\n\t\t\t\t\t\t\t<p style=\"font-weight: 400;\"><strong>Politechnika \u015al\u0105ska, Prorektor ds. Nauki i Rozwoju<\/strong><\/p><p style=\"font-weight: 400;\"><strong>Przewodnicz\u0105cy Komitetu Polityki Naukowej w Ministerstwie Edukacji i Nauki<\/strong><\/p><p style=\"font-weight: 400;\">Prof. Marek Pawe\u0142czyk\u00a0jest specjalist\u0105 z zakresu automatyki przemys\u0142owej, przetwarzania sygna\u0142\u00f3w, wibroakustyki i modelowania matematycznego. Jest autorem lub wsp\u00f3\u0142autorem ok. 250 publikacji naukowych, 3 monografii w j\u0119z. angielskim, 12 zg\u0142osze\u0144 patentowych krajowych i mi\u0119dzynarodowych. Kierowa\u0142 5 oraz by\u0142 wykonawc\u0105 w 7 projektach KBN, MNiSW, NCBiR i NCN, a tak\u017ce kierowa\u0142 15\u00a0projektami przemys\u0142owymi oraz by\u0142 wykonawc\u0105 w 8 projektach. Wiele z jego opracowa\u0144 zosta\u0142o wdro\u017conych, a kolejne s\u0105 na zaawansowanym etapie komercjalizacji.<\/p><p style=\"font-weight: 400;\">Stopie\u0144 naukowy doktora uzyska\u0142 z wyr\u00f3\u017cnieniem w 1999 r., doktora habilitowanego w 2005 r., na Wydziale Automatyki, Elektroniki i Informatyki Politechniki \u015al\u0105skiej, za\u015b tytu\u0142 profesora nauk technicznych w 2014 r.<\/p><p style=\"font-weight: 400;\">Obecnie pe\u0142ni funkcje: Prorektora ds. Nauki i Rozwoju Politechniki \u015al\u0105skiej; Kierownika Katedry Pomiar\u00f3w i System\u00f3w Sterowania w Politechnice \u015al\u0105skiej; przewodnicz\u0105cego Komitetu Polityki Naukowej w Ministerstwie Edukacji i Nauki; prezydenta mi\u0119dzynarodowego towarzystwa naukowego International Institute of Acoustics and Vibration dzia\u0142aj\u0105cego w ok. 70\u00a0krajach; przewodnicz\u0105cego Konsorcjum \u015al\u0105skich Uczelni Technicznych; przewodnicz\u0105cego Komisji Metrologii przy Oddziale Polskiej Akademii Nauk w Katowicach; cz\u0142onka Prezydium Komitetu Automatyki i Robotyki Polskiej Akademii Nauk; wiceprezesa stowarzyszenia Prosilesia \u2013 Biznes Nauka Samorz\u0105d; wiceprzewodnicz\u0105cego Kolegium Prorektor\u00f3w ds. Nauki i Rozwoju Publicznych Wy\u017cszych Uczelni Technicznych; przewodnicz\u0105cego kapitu\u0142y programu Ambasador\u00f3w Kongres\u00f3w Polskich; redaktora zarz\u0105dzaj\u0105cego czasopisma International Journal of Acoustics and Vibration. W Politechnice \u015al\u0105skiej koordynuje programy Inicjatywa Doskona\u0142o\u015bci \u2013 Uczelnia Badawcza oraz Uniwersytet Europejski Eureca-Pro. Za swe osi\u0105gni\u0119cia by\u0142 wielokrotnie nagradzany przez m.in.: Ministra Szkolnictwa Wy\u017cszego, Polsk\u0105 Akademi\u0119 Nauk, Fundacj\u0119 na Rzecz Nauki Polskiej, FIAT, SIEMENS.<\/p>\t\t\t\t\t\t<\/div>\n\t\t\t\t<\/div>\n\t\t\t\t\t<\/div>\n\t\t<\/div>\n\t\t\t\t\t\t\t<\/div>\n\t\t<\/section>\n\t\t\t\t\t\t<\/div>\n\t\t\t\t\t<\/div>\n\t\t","protected":false},"excerpt":{"rendered":"<p>Politechnika \u015al\u0105ska, Prorektor ds. Nauki i Rozwoju Przewodnicz\u0105cy Komitetu Polityki Naukowej w Ministerstwie Edukacji i Nauki Prof. Marek Pawe\u0142czyk\u00a0jest specjalist\u0105 z zakresu automatyki przemys\u0142owej, przetwarzania sygna\u0142\u00f3w, wibroakustyki i modelowania matematycznego. Jest autorem lub wsp\u00f3\u0142autorem ok. 250 publikacji naukowych, 3 monografii w j\u0119z. angielskim, 12 zg\u0142osze\u0144 patentowych krajowych i mi\u0119dzynarodowych. Kierowa\u0142 5 oraz by\u0142 wykonawc\u0105 w [&hellip;]<\/p>\n","protected":false},"author":1,"featured_media":0,"parent":0,"menu_order":0,"comment_status":"closed","ping_status":"closed","template":"","meta":{"footnotes":""},"class_list":["post-186","page","type-page","status-publish","hentry"],"_links":{"self":[{"href":"https:\/\/ias.amu.edu.pl\/konferencja2021\/wp-json\/wp\/v2\/pages\/186","targetHints":{"allow":["GET"]}}],"collection":[{"href":"https:\/\/ias.amu.edu.pl\/konferencja2021\/wp-json\/wp\/v2\/pages"}],"about":[{"href":"https:\/\/ias.amu.edu.pl\/konferencja2021\/wp-json\/wp\/v2\/types\/page"}],"author":[{"embeddable":true,"href":"https:\/\/ias.amu.edu.pl\/konferencja2021\/wp-json\/wp\/v2\/users\/1"}],"replies":[{"embeddable":true,"href":"https:\/\/ias.amu.edu.pl\/konferencja2021\/wp-json\/wp\/v2\/comments?post=186"}],"version-history":[{"count":0,"href":"https:\/\/ias.amu.edu.pl\/konferencja2021\/wp-json\/wp\/v2\/pages\/186\/revisions"}],"wp:attachment":[{"href":"https:\/\/ias.amu.edu.pl\/konferencja2021\/wp-json\/wp\/v2\/media?parent=186"}],"curies":[{"name":"wp","href":"https:\/\/api.w.org\/{rel}","templated":true}]}}

Prof. Marek Pawełczyk

<div data-elementor-type="wp-page" data-elementor-id="186" class="elementor elementor-186" data-elementor-settings="[]">
							<div class="elementor-section-wrap">
							<section class="elementor-section elementor-top-section elementor-element elementor-element-af0ecd1 elementor-section-boxed elementor-section-height-default elementor-section-height-default" data-id="af0ecd1" data-element_type="section">
						<div class="elementor-container elementor-column-gap-default">
					<div class="elementor-column elementor-col-33 elementor-top-column elementor-element elementor-element-8c388aa" data-id="8c388aa" data-element_type="column">
			<div class="elementor-widget-wrap elementor-element-populated">
								<div class="elementor-element elementor-element-caefd9a elementor-widget elementor-widget-image" data-id="caefd9a" data-element_type="widget" data-widget_type="image.default">
				<div class="elementor-widget-container">
															<img loading="lazy" decoding="async" width="500" height="500" src="https://ias.amu.edu.pl/konferencja2021/wp-content/uploads/2021/11/marekpawelczyk.jpg" class="attachment-large size-large" alt="" srcset="https://ias.amu.edu.pl/konferencja2021/wp-content/uploads/2021/11/marekpawelczyk.jpg 500w, https://ias.amu.edu.pl/konferencja2021/wp-content/uploads/2021/11/marekpawelczyk-300x300.jpg 300w, https://ias.amu.edu.pl/konferencja2021/wp-content/uploads/2021/11/marekpawelczyk-150x150.jpg 150w" sizes="auto, (max-width: 500px) 100vw, 500px" />															</div>
				</div>
					</div>
		</div>
				<div class="elementor-column elementor-col-66 elementor-top-column elementor-element elementor-element-f197e1a" data-id="f197e1a" data-element_type="column">
			<div class="elementor-widget-wrap elementor-element-populated">
								<div class="elementor-element elementor-element-e9a9e32 elementor-widget elementor-widget-text-editor" data-id="e9a9e32" data-element_type="widget" data-widget_type="text-editor.default">
				<div class="elementor-widget-container">
							<p style="font-weight: 400;"><strong>Politechnika Śląska, Prorektor ds. Nauki i Rozwoju</strong></p><p style="font-weight: 400;"><strong>Przewodniczący Komitetu Polityki Naukowej w Ministerstwie Edukacji i Nauki</strong></p><p style="font-weight: 400;">Prof. Marek Pawełczyk jest specjalistą z zakresu automatyki przemysłowej, przetwarzania sygnałów, wibroakustyki i modelowania matematycznego. Jest autorem lub współautorem ok. 250 publikacji naukowych, 3 monografii w jęz. angielskim, 12 zgłoszeń patentowych krajowych i międzynarodowych. Kierował 5 oraz był wykonawcą w 7 projektach KBN, MNiSW, NCBiR i NCN, a także kierował 15 projektami przemysłowymi oraz był wykonawcą w 8 projektach. Wiele z jego opracowań zostało wdrożonych, a kolejne są na zaawansowanym etapie komercjalizacji.</p><p style="font-weight: 400;">Stopień naukowy doktora uzyskał z wyróżnieniem w 1999 r., doktora habilitowanego w 2005 r., na Wydziale Automatyki, Elektroniki i Informatyki Politechniki Śląskiej, zaś tytuł profesora nauk technicznych w 2014 r.</p><p style="font-weight: 400;">Obecnie pełni funkcje: Prorektora ds. Nauki i Rozwoju Politechniki Śląskiej; Kierownika Katedry Pomiarów i Systemów Sterowania w Politechnice Śląskiej; przewodniczącego Komitetu Polityki Naukowej w Ministerstwie Edukacji i Nauki; prezydenta międzynarodowego towarzystwa naukowego International Institute of Acoustics and Vibration działającego w ok. 70 krajach; przewodniczącego Konsorcjum Śląskich Uczelni Technicznych; przewodniczącego Komisji Metrologii przy Oddziale Polskiej Akademii Nauk w Katowicach; członka Prezydium Komitetu Automatyki i Robotyki Polskiej Akademii Nauk; wiceprezesa stowarzyszenia Prosilesia – Biznes Nauka Samorząd; wiceprzewodniczącego Kolegium Prorektorów ds. Nauki i Rozwoju Publicznych Wyższych Uczelni Technicznych; przewodniczącego kapituły programu Ambasadorów Kongresów Polskich; redaktora zarządzającego czasopisma International Journal of Acoustics and Vibration. W Politechnice Śląskiej koordynuje programy Inicjatywa Doskonałości – Uczelnia Badawcza oraz Uniwersytet Europejski Eureca-Pro. Za swe osiągnięcia był wielokrotnie nagradzany przez m.in.: Ministra Szkolnictwa Wyższego, Polską Akademię Nauk, Fundację na Rzecz Nauki Polskiej, FIAT, SIEMENS.</p>						</div>
				</div>
					</div>
		</div>
							</div>
		</section>
						</div>
					</div>

<p>Politechnika Śląska, Prorektor ds. Nauki i Rozwoju Przewodniczący Komitetu Polityki Naukowej w Ministerstwie Edukacji i Nauki Prof. Marek Pawełczyk jest specjalistą z zakresu automatyki przemysłowej, przetwarzania sygnałów, wibroakustyki i modelowania matematycznego. Jest autorem lub współautorem ok. 250 publikacji naukowych, 3 monografii w jęz. angielskim, 12 zgłoszeń patentowych krajowych i międzynarodowych. Kierował 5 oraz był wykonawcą w [&hellip;]</p>
