{"id":123,"date":"2021-11-21T17:02:50","date_gmt":"2021-11-21T16:02:50","guid":{"rendered":"https:\/\/ias.web.amu.edu.pl\/konferencja2021\/?page_id=123"},"modified":"2021-11-22T20:22:46","modified_gmt":"2021-11-22T19:22:46","slug":"prof-maciej-duszczyk","status":"publish","type":"page","link":"https:\/\/ias.amu.edu.pl\/konferencja2021\/prof-maciej-duszczyk\/","title":{"rendered":"prof. Maciej Duszczyk"},"content":{"rendered":"\t\t<div data-elementor-type=\"wp-page\" data-elementor-id=\"123\" class=\"elementor elementor-123\" data-elementor-settings=\"[]\">\n\t\t\t\t\t\t\t<div class=\"elementor-section-wrap\">\n\t\t\t\t\t\t\t<section class=\"elementor-section elementor-top-section elementor-element elementor-element-56fe381 elementor-section-boxed elementor-section-height-default elementor-section-height-default\" data-id=\"56fe381\" data-element_type=\"section\">\n\t\t\t\t\t\t<div class=\"elementor-container elementor-column-gap-default\">\n\t\t\t\t\t<div class=\"elementor-column elementor-col-33 elementor-top-column elementor-element elementor-element-00662dc\" data-id=\"00662dc\" data-element_type=\"column\">\n\t\t\t<div class=\"elementor-widget-wrap elementor-element-populated\">\n\t\t\t\t\t\t\t\t<div class=\"elementor-element elementor-element-3400b62 elementor-widget elementor-widget-image\" data-id=\"3400b62\" data-element_type=\"widget\" data-widget_type=\"image.default\">\n\t\t\t\t<div class=\"elementor-widget-container\">\n\t\t\t\t\t\t\t\t\t\t\t\t\t\t\t<img loading=\"lazy\" decoding=\"async\" width=\"1024\" height=\"1004\" src=\"https:\/\/ias.amu.edu.pl\/konferencja2021\/wp-content\/uploads\/2021\/11\/MaciejDuszczyk-1024x1004.jpg\" class=\"attachment-large size-large\" alt=\"\" srcset=\"https:\/\/ias.amu.edu.pl\/konferencja2021\/wp-content\/uploads\/2021\/11\/MaciejDuszczyk-1024x1004.jpg 1024w, https:\/\/ias.amu.edu.pl\/konferencja2021\/wp-content\/uploads\/2021\/11\/MaciejDuszczyk-300x294.jpg 300w, https:\/\/ias.amu.edu.pl\/konferencja2021\/wp-content\/uploads\/2021\/11\/MaciejDuszczyk-768x753.jpg 768w, https:\/\/ias.amu.edu.pl\/konferencja2021\/wp-content\/uploads\/2021\/11\/MaciejDuszczyk-1536x1506.jpg 1536w, https:\/\/ias.amu.edu.pl\/konferencja2021\/wp-content\/uploads\/2021\/11\/MaciejDuszczyk-2048x2008.jpg 2048w\" sizes=\"auto, (max-width: 1024px) 100vw, 1024px\" \/>\t\t\t\t\t\t\t\t\t\t\t\t\t\t\t<\/div>\n\t\t\t\t<\/div>\n\t\t\t\t\t<\/div>\n\t\t<\/div>\n\t\t\t\t<div class=\"elementor-column elementor-col-66 elementor-top-column elementor-element elementor-element-47197a2\" data-id=\"47197a2\" data-element_type=\"column\">\n\t\t\t<div class=\"elementor-widget-wrap elementor-element-populated\">\n\t\t\t\t\t\t\t\t<div class=\"elementor-element elementor-element-6640ca4 elementor-widget elementor-widget-text-editor\" data-id=\"6640ca4\" data-element_type=\"widget\" data-widget_type=\"text-editor.default\">\n\t\t\t\t<div class=\"elementor-widget-container\">\n\t\t\t\t\t\t\t<p><strong>Uniwersytet Warszawski<\/strong><\/p><p><strong>Cz\u0142onek Komitetu Polityki Naukowej<\/strong><\/p><p>W latach 2016 &#8211; 2021 Prorektor ds. Naukowych Uniwersytetu Warszawskiego. W latach 2014-2016 oraz 2020-2021 cz\u0142onek Komitetu Polityki Naukowej (przewodnicz\u0105cy pa\u017adziernik 2015-marzec 2016 oraz czerwiec \u2013 grudzie\u0144 2020). W latach 2014-2015 profesor wizytuj\u0105cy na uniwersytetach Marcina Lutra w Halle-Wittenberg oraz Friedricha Schillera w Jenie. Kierownik grant\u00f3w finansowanych m.in. przez Narodowe Centrum Nauki oraz Polsko-Niemieck\u0105 Fundacji na rzecz Nauki. Stypendysta m.in. Jean Monnet Project, Carl Duisburg Gesellschaft oraz Komitetu Bada\u0144 Naukowych.\u00a0<\/p>\t\t\t\t\t\t<\/div>\n\t\t\t\t<\/div>\n\t\t\t\t\t<\/div>\n\t\t<\/div>\n\t\t\t\t\t\t\t<\/div>\n\t\t<\/section>\n\t\t\t\t\t\t<\/div>\n\t\t\t\t\t<\/div>\n\t\t","protected":false},"excerpt":{"rendered":"<p>Uniwersytet Warszawski Cz\u0142onek Komitetu Polityki Naukowej W latach 2016 &#8211; 2021 Prorektor ds. Naukowych Uniwersytetu Warszawskiego. W latach 2014-2016 oraz 2020-2021 cz\u0142onek Komitetu Polityki Naukowej (przewodnicz\u0105cy pa\u017adziernik 2015-marzec 2016 oraz czerwiec \u2013 grudzie\u0144 2020). W latach 2014-2015 profesor wizytuj\u0105cy na uniwersytetach Marcina Lutra w Halle-Wittenberg oraz Friedricha Schillera w Jenie. Kierownik grant\u00f3w finansowanych m.in. przez [&hellip;]<\/p>\n","protected":false},"author":1,"featured_media":0,"parent":0,"menu_order":0,"comment_status":"closed","ping_status":"closed","template":"","meta":{"footnotes":""},"class_list":["post-123","page","type-page","status-publish","hentry"],"_links":{"self":[{"href":"https:\/\/ias.amu.edu.pl\/konferencja2021\/wp-json\/wp\/v2\/pages\/123","targetHints":{"allow":["GET"]}}],"collection":[{"href":"https:\/\/ias.amu.edu.pl\/konferencja2021\/wp-json\/wp\/v2\/pages"}],"about":[{"href":"https:\/\/ias.amu.edu.pl\/konferencja2021\/wp-json\/wp\/v2\/types\/page"}],"author":[{"embeddable":true,"href":"https:\/\/ias.amu.edu.pl\/konferencja2021\/wp-json\/wp\/v2\/users\/1"}],"replies":[{"embeddable":true,"href":"https:\/\/ias.amu.edu.pl\/konferencja2021\/wp-json\/wp\/v2\/comments?post=123"}],"version-history":[{"count":0,"href":"https:\/\/ias.amu.edu.pl\/konferencja2021\/wp-json\/wp\/v2\/pages\/123\/revisions"}],"wp:attachment":[{"href":"https:\/\/ias.amu.edu.pl\/konferencja2021\/wp-json\/wp\/v2\/media?parent=123"}],"curies":[{"name":"wp","href":"https:\/\/api.w.org\/{rel}","templated":true}]}}

<div data-elementor-type="wp-page" data-elementor-id="123" class="elementor elementor-123" data-elementor-settings="[]">
							<div class="elementor-section-wrap">
							<section class="elementor-section elementor-top-section elementor-element elementor-element-56fe381 elementor-section-boxed elementor-section-height-default elementor-section-height-default" data-id="56fe381" data-element_type="section">
						<div class="elementor-container elementor-column-gap-default">
					<div class="elementor-column elementor-col-33 elementor-top-column elementor-element elementor-element-00662dc" data-id="00662dc" data-element_type="column">
			<div class="elementor-widget-wrap elementor-element-populated">
								<div class="elementor-element elementor-element-3400b62 elementor-widget elementor-widget-image" data-id="3400b62" data-element_type="widget" data-widget_type="image.default">
				<div class="elementor-widget-container">
															<img loading="lazy" decoding="async" width="1024" height="1004" src="https://ias.amu.edu.pl/konferencja2021/wp-content/uploads/2021/11/MaciejDuszczyk-1024x1004.jpg" class="attachment-large size-large" alt="" srcset="https://ias.amu.edu.pl/konferencja2021/wp-content/uploads/2021/11/MaciejDuszczyk-1024x1004.jpg 1024w, https://ias.amu.edu.pl/konferencja2021/wp-content/uploads/2021/11/MaciejDuszczyk-300x294.jpg 300w, https://ias.amu.edu.pl/konferencja2021/wp-content/uploads/2021/11/MaciejDuszczyk-768x753.jpg 768w, https://ias.amu.edu.pl/konferencja2021/wp-content/uploads/2021/11/MaciejDuszczyk-1536x1506.jpg 1536w, https://ias.amu.edu.pl/konferencja2021/wp-content/uploads/2021/11/MaciejDuszczyk-2048x2008.jpg 2048w" sizes="auto, (max-width: 1024px) 100vw, 1024px" />															</div>
				</div>
					</div>
		</div>
				<div class="elementor-column elementor-col-66 elementor-top-column elementor-element elementor-element-47197a2" data-id="47197a2" data-element_type="column">
			<div class="elementor-widget-wrap elementor-element-populated">
								<div class="elementor-element elementor-element-6640ca4 elementor-widget elementor-widget-text-editor" data-id="6640ca4" data-element_type="widget" data-widget_type="text-editor.default">
				<div class="elementor-widget-container">
							<p><strong>Uniwersytet Warszawski</strong></p><p><strong>Członek Komitetu Polityki Naukowej</strong></p><p>W latach 2016 &#8211; 2021 Prorektor ds. Naukowych Uniwersytetu Warszawskiego. W latach 2014-2016 oraz 2020-2021 członek Komitetu Polityki Naukowej (przewodniczący październik 2015-marzec 2016 oraz czerwiec – grudzień 2020). W latach 2014-2015 profesor wizytujący na uniwersytetach Marcina Lutra w Halle-Wittenberg oraz Friedricha Schillera w Jenie. Kierownik grantów finansowanych m.in. przez Narodowe Centrum Nauki oraz Polsko-Niemiecką Fundacji na rzecz Nauki. Stypendysta m.in. Jean Monnet Project, Carl Duisburg Gesellschaft oraz Komitetu Badań Naukowych. </p>						</div>
				</div>
					</div>
		</div>
							</div>
		</section>
						</div>
					</div>

<p>Uniwersytet Warszawski Członek Komitetu Polityki Naukowej W latach 2016 &#8211; 2021 Prorektor ds. Naukowych Uniwersytetu Warszawskiego. W latach 2014-2016 oraz 2020-2021 członek Komitetu Polityki Naukowej (przewodniczący październik 2015-marzec 2016 oraz czerwiec – grudzień 2020). W latach 2014-2015 profesor wizytujący na uniwersytetach Marcina Lutra w Halle-Wittenberg oraz Friedricha Schillera w Jenie. Kierownik grantów finansowanych m.in. przez [&hellip;]</p>
